 = -1242, 3*d - 1244 = -10*n + 5*n. What is the greatest common divisor of 75 and n?
25
Suppose l - 4*y - 525 = 0, 8*y = -2*l + 5*y + 1017. Calculate the highest common divisor of l and 114.
57
Suppose 0 = 2*z + 4*o - 10 + 4, 0 = z + o + 1. Let r(w) = 2 - w**2 + 4*w - 12*w - 6. Let s be r(z). What is the highest common factor of s and 88?
11
Let r = -7 + 14. Suppose 5*z = 5*y + 25, 4*y = 5*z - 13 - 10. Suppose 0 = 2*w - 5*j - 22, -z*j - 9 = -2*w + w. Calculate the greatest common divisor of r and w.
7
Let c = 1049 - 969. Suppose 5 = -5*s, 5*y = -0*y - 3*s + 12. Suppose 51 = y*f + 21. What is the greatest common divisor of c and f?
10
Suppose -5*t = 5*v - 5, t + v - 21 = -4*v. Let i be (-9)/(-18) + (-6)/t. What is the greatest common divisor of i and 2?
2
Let w = -590 - -1052. What is the greatest common divisor of w and 21?
21
Let t = 905 + -893. Let c be 56/10 - 6/(-15). What is the greatest common factor of c and t?
6
Suppose -4*j + 3*u = -7*j, 16 = -4*j + 4*u. Let w be (-30)/25*20/j. What is the highest common divisor of w and 108?
12
Suppose -5*l + 100 = -70. Calculate the greatest common factor of 2 and l.
2
Suppose n + 69 = 2*l + 4*n, -4*l - 2*n + 150 = 0. Calculate the greatest common divisor of 26 and l.
13
Suppose -h + 2*b = 9, -5*b = -0*h - 3*h - 24. Let n = -2 - h. Let a be (-2)/n*(6 - 8). What is the highest common divisor of a and 28?
4
Suppose 470 = 18*q - 13*q. Let a = q - 75. Let t = -201 - -353. What is the highest common divisor of a and t?
19
Let m = 284 - 246. What is the greatest common divisor of 513 and m?
19
Let j be (-6549)/(-444) - (-3)/(-4). What is the greatest common factor of j and 434?
14
Suppose -r - 3*c = -56 - 4, 2*r - 116 = -5*c. Suppose 4*i = 9*i. Suppose i = 2*f - 5*f + 24. What is the highest common factor of f and r?
8
Suppose -117*k - 5*k + 52338 = 0. What is the greatest common factor of k and 26?
13
Let n be 30 + 13 - (-2)/2. Let j = 15 - 11. Calculate the greatest common factor of j and n.
4
Let c(o) = o**2 + 24*o + 133. Let k be c(-16). Calculate the greatest common divisor of 45 and k.
5
Suppose 2644*b - 2637*b - 1771 = 0. Calculate the highest common divisor of 92 and b.
23
Suppose -4*v = -6*v - 3*m + 242, -121 = -v + m. Suppose 5*j - 3*j - 3*d - 111 = 0, -2*j + v = -5*d. Calculate the greatest common factor of 48 and j.
48
Let u = 526 - 86. What is the highest common factor of u and 44?
44
Let g(z) = -z + 1. Let l be g(1). Let t(a) = -a**3 - a + 171. Let h be t(l). Suppose 74 = 6*r - 40. Calculate the highest common divisor of r and h.
19
Suppose 2*l - 26 = -6. Let t(a) = 2*a**3 + 1 + l*a**2 - a**3 - 9*a - 2*a**3. Let d be t(7). Calculate the greatest common divisor of d and 34.
17
Let n be 4/(-18) + (-6076)/(-126). Calculate the highest common factor of n and 132.
12
Suppose 19490 + 8098 = 19*r. What is the highest common divisor of 12 and r?
12
Suppose -130*f + 126*f = 8. Let z be f/3 - 250/(-15). Calculate the greatest common divisor of 80 and z.
16
Let h(g) = -9*g + 6. Let r be h(-6). Let c be 14994/748 + 2/(-44). Calculate the highest common factor of r and c.
20
Let g = 489 - 486. What is the highest common factor of 243 and g?
3
Let i(z) = -z**3 - 8*z**2 - 5*z + 11. Let g be i(-8). Suppose -87 = -5*v - 4*p, g = 3*v + 4*p - p. Calculate the highest common factor of 19 and v.
19
Let p = -46 - 2. Let s = 58 + p. Calculate the highest common divisor of 130 and s.
10
Let r = 190 - 173. What is the greatest common factor of 323 and r?
17
Let j(y) = 6*y**3 - y**2 - 5*y + 11. Let i be j(2). What is the greatest common divisor of i and 1125?
45
Let r be (10/(-35))/(1/(-7)). Suppose r*l + 3*y - 19 = -2*y, 0 = y + 1. What is the greatest common factor of l and 12?
12
Suppose 0 = 2*c + 4*r + 8, -4 = -5*c + 5*r + 6. Suppose -4*t + 0*t + 20 = c. Calculate the greatest common divisor of 40 and t.
5
Suppose 3*r = -6, 3*r - 80 + 166 = 5*d. Suppose 0 = 2*m + 3*m - 320. What is the highest common factor of m and d?
16
Let q = -536 - -645. Calculate the highest common divisor of q and 1199.
109
Let x be 120/(-6) + -3 - 3*-1. Let k = x - -89. What is the highest common divisor of k and 46?
23
Let h(r) = -2*r + 104. Let p be h(27). Suppose -2*w - 1750 = -5*d + 2*w, 4*d + 5*w = 1400. What is the highest common factor of p and d?
50
Let b = 603 + -252. What is the highest common divisor of b and 208?
13
Let k(u) = -u**3 + 7*u**2 + 21*u - 149. Let h be k(6). What is the greatest common divisor of 5 and h?
1
Suppose -21*w + 5*w = -144. What is the highest common factor of 1 and w?
1
Let g = 13 - 63. Let w be (-8)/(-2 + (-96)/g). Calculate the greatest common divisor of w and 20.
20
Suppose 5*u = -4*i + 3*u + 106, 3*i - 4*u - 63 = 0. Suppose -2*j = 5 - i. Let q(x) = -11*x - 7. Let b be q(-7). Calculate the highest common divisor of j and b.
10
Let d = 25 - 29. Let x be -4*((-4)/(-16) + d). Calculate the greatest common factor of x and 15.
15
Suppose 0 = g - 2*h - 164, g + 4*h = 53 + 87. What is the highest common factor of g and 12?
12
Let u = -22 + 86. Calculate the greatest common divisor of u and 496.
16
Suppose -4*i + 15 = -41. What is the highest common factor of i and 210?
14
Let m = -2 + 18. Let p = 20 - m. Suppose p*f = 2*k + k + 32, -3*k - 22 = -2*f. Calculate the greatest common factor of 1 and f.
1
Let a be (-72)/(-5) + ((-52)/(-20) - 3). What is the greatest common divisor of a and 175?
7
Suppose -4*z - 60 = 5*d - 9*z, 2*d + z + 12 = 0. Let l be (84/10)/(1*d/(-20)). Let t = 205 - 16. What is the highest common factor of l and t?
21
Let w(y) = y**2 + 11*y + 38. Let t be w(-6). Suppose 163 = 3*j - 305. Suppose 0 = 3*k + 3, t*r - j = 4*r - 4*k. Calculate the highest common factor of r and 16.
8
Let z(h) = 16*h + 3. Let c be z(3). Suppose 4*s = b - c, 4*s = 4*b - 0*s - 168. Calculate the greatest common divisor of 39 and b.
39
Let d(g) = -g**2 - 9*g + 3. Let u be d(-9). Suppose -5*k + 5*z = -610, -k + 2*k - 110 = -u*z. What is the highest common factor of 17 and k?
17
Suppose w + 2*r = -5, 0 = -r + 2*r + 5. What is the highest common divisor of 615 and w?
5
Let x(s) = s**2 - 28*s + 244. Let u be x(23). Calculate the greatest common divisor of 15 and u.
3
Let r(g) = 30*g + 7. Let d be r(6). Suppose -2*c = -3*f + d, 5*f - 184 = 2*f + 5*c. Calculate the highest common factor of 42 and f.
21
Let l(m) = -28*m**3 - m**2 + m - 2. Let b be l(-2). What is the highest common divisor of 24 and b?
24
Suppose -4*n - n = -4*j - 75, 2*j - 60 = -4*n. Calculate the highest common factor of 465 and n.
15
Suppose 2*s = -0*s + 4*r + 6, 3*r + 2 = -s. Suppose -13*l + 759 = 44. Let v = l - 46. What is the greatest common divisor of v and s?
1
Let d be -2 + 1 - (24 + -14 - 212). What is the highest common divisor of 9 and d?
3
Suppose 168 = -325*w + 332*w. Calculate the greatest common divisor of w and 104.
8
Suppose -3*p + 3*d = -69, -5*p - 6*d + 6 = -98. What is the highest common divisor of p and 88?
22
Suppose -2*t + 82 = -4*f, 2*f - 4*f = -5*t + 173. Suppose 60 = 3*a - 15. Let c = -14 + a. What is the highest common divisor of t and c?
11
Let g = 2289 + -2253. Calculate the highest common divisor of g and 486.
18
Let r = 77 - 40. Suppose -p = -r + 2. What is the greatest common divisor of p and 10?
5
Let t = 120 + -62. What is the highest common factor of t and 87?
29
Let j = 3 + -3. Let t be j/((-12)/3 + 3). Let r be 3 + -1 + 8 - t. What is the greatest common factor of 10 and r?
10
Let h(k) = -k**2 - 14*k + 3. Let u be h(-14). Suppose 4*w - 5 = -u*g, -g + 4*g - 4 = -5*w. Calculate the highest common factor of 27 and g.
3
Let x be (91/(-28))/(6/(-144)). Calculate the greatest common divisor of x and 52.
26
Let x(w) be the first derivative of 5*w**2/2 - 23*w + 3. Let h be x(-6). Let c = -17 - h. What is the highest common divisor of c and 4?
4
Let q(o) = -o**3 + 9*o**2 - 13*o + 5. Let n be q(6). Suppose -10*k + 437 = -263. What is the highest common divisor of k and n?
35
Let s be (-164)/(-16) + (-1)/4. Let w be (12/15)/(4/s). Suppose w*h - h - 7 = 0. Calculate the highest common divisor of 56 and h.
7
Suppose 5*a = 6*a - 1856. What is the highest common factor of a and 64?
64
Let o = -970 - -994. Let c = 4 - -2. Let n be (3*c)/((-3)/(-2)). Calculate the highest common factor of o and n.
12
Let p(r) = 3*r**2 - 2*r. Let x b